{"id":215,"date":"2017-09-20T12:52:23","date_gmt":"2017-09-20T15:52:23","guid":{"rendered":"http:\/\/correntes.pe.gov.br\/v1\/?page_id=215"},"modified":"2022-05-30T10:35:50","modified_gmt":"2022-05-30T13:35:50","slug":"concurso","status":"publish","type":"page","link":"http:\/\/correntes.pe.gov.br\/v1\/concurso\/","title":{"rendered":"CONCURSO 2017"},"content":{"rendered":"<p>O Munic\u00edpio de Correntes, Estado de Pernambuco, torna p\u00fablico a abertura de inscri\u00e7\u00f5es e estabelece normas para a realiza\u00e7\u00e3o de concurso p\u00fablico para provimento de vagas no quadro permanente, observadas as disposi\u00e7\u00f5es constitucionais referentes ao assunto, bem como as previstas nas Leis Municipais 163\/94, 300\/2002, 312\/2003, 369\/2005, 545\/2011 e 603\/2014, assim como das normas contidas neste edital e em seus anexos.<\/p>\n<p>&nbsp;<\/p>\n<p>DOWNLOADS<\/p>\n<p><a href=\"http:\/\/correntes.pe.gov.br\/v1\/wp-content\/uploads\/2017\/09\/Edital-Assinado-do-Concurso20170830_11111536.pdf\" target=\"_blank\" rel=\"noopener noreferrer\">Edital<\/a><\/p>\n<p><a href=\"http:\/\/correntes.pe.gov.br\/v1\/wp-content\/uploads\/2017\/10\/CONTEUDO-PROGRAMATICO-HISTORIA-DE-CORRENTES-PE.pdf\">Conte\u00fado Program\u00e1tico &#8211; Hist\u00f3ria de Correntes<\/a><\/p>\n<p><a href=\"http:\/\/correntes.pe.gov.br\/v1\/wp-content\/uploads\/2017\/10\/EDITAL-DE-RETIFICACAO-001-2017-ALTERACAO-DO-ITEM-7.4.4.pdf\">Edital de Retifica\u00e7\u00e3o N\u00ba 001 &#8211; Altera\u00e7\u00e3o do Item 7.4.4<\/a><\/p>\n<p><a href=\"http:\/\/correntes.pe.gov.br\/v1\/wp-content\/uploads\/2017\/10\/EDITAL-DE-RETIFICACAO-002-2017-CORRENTES-PE-RETIFICACAO-NO-ANEXO-I.pdf\">Edital de Retifica\u00e7\u00e3o N\u00ba 002 &#8211; Retifica\u00e7\u00e3o no Anexo &#8211; I<\/a><\/p>\n<p><a href=\"http:\/\/correntes.pe.gov.br\/v1\/wp-content\/uploads\/2017\/09\/EDITAL_CORRENTES_RETIFICACAO_N_003.pdf\">Edital de Retifica\u00e7\u00e3o N\u00ba 003<\/a><\/p>\n<p><a href=\"http:\/\/correntes.pe.gov.br\/v1\/wp-content\/uploads\/2017\/09\/EDITAL_DE_RETIFICACAO_N_003_REPUBLICACAO_POR_INCORRE\u00c7\u00c3O.pdf\">Edital de Retifica\u00e7\u00e3o N\u00ba 003 &#8211; Republica\u00e7\u00e3o por Incorre\u00e7\u00e3o<\/a><\/p>\n<p><a href=\"http:\/\/correntes.pe.gov.br\/v1\/wp-content\/uploads\/2017\/10\/EDITAL_CORRENTES_RETIFICACAO_004.pdf\">Edital de Retifica\u00e7\u00e3o N\u00ba 004<\/a><\/p>\n<p><a href=\"http:\/\/correntes.pe.gov.br\/v1\/wp-content\/uploads\/2017\/09\/EDITAL_DE_JULGAMENTO_PARCIAL_DOS_PEDIDOS_DE_ISENCAO_DA_TAXA_DE_INSCRICAO.pdf\">Edital de Julgamento Parcial do Pedido de Isen\u00e7\u00e3o da Taxa de Inscri\u00e7\u00e3o<\/a><\/p>\n<p><a href=\"http:\/\/correntes.pe.gov.br\/v1\/wp-content\/uploads\/2017\/09\/EDITAL_DE_RETIFICACAO_N_005_ALTERACAO_DOS_ITENS_4.2_4.15_E_O_ANEXO_IV.pdf\">Edital de Retifica\u00e7\u00e3o N\u00ba 005 &#8211; Altera\u00e7\u00e3o dos Itens 4.2, 4.15 e o Anexo IV<\/a><\/p>\n<p><a href=\"http:\/\/correntes.pe.gov.br\/v1\/wp-content\/uploads\/2017\/10\/COMUNICADO-PARA-ISEN\u00c7\u00c3O-DO-CONCURSO-CORRENTES.pdf\">Comunicado Para Isen\u00e7\u00e3o do Concurso<\/a><\/p>\n<p><a href=\"http:\/\/correntes.pe.gov.br\/v1\/wp-content\/uploads\/2017\/10\/ERRATA_001.pdf\">Errata 001<\/a><\/p>\n<p><a href=\"http:\/\/correntes.pe.gov.br\/v1\/wp-content\/uploads\/2017\/10\/EDITAL-DE-JULGAMENTO-DEFINITIVO-DOS-PEDIDOS-DE-ISENCAO-CORRENTE-PE.pdf\">Edital de Julgamento Definitivo dos Pedidos de Isen\u00e7\u00e3o<\/a><\/p>\n<p><a href=\"http:\/\/correntes.pe.gov.br\/v1\/wp-content\/uploads\/2017\/10\/CONCORRENCIA-CORRENTES-PE.pdf\">Concorr\u00eancia<\/a><\/p>\n<p><a href=\"http:\/\/correntes.pe.gov.br\/v1\/wp-content\/uploads\/2017\/10\/EDITAL-DE-RETIFICACAO-006-2017-INCLUSAO-DO-ANEXO-VIII.pdf\">Edital de Retifica\u00e7\u00e3o N\u00ba 006 &#8211; Inclus\u00e3o do Anexo VIII<\/a><\/p>\n<p><a href=\"http:\/\/correntes.pe.gov.br\/v1\/wp-content\/uploads\/2017\/10\/CONCORRENCIA-RETIFICADA.pdf\">Concorr\u00eancia &#8211; Retifica\u00e7\u00e3o<\/a><\/p>\n<p><a href=\"http:\/\/correntes.pe.gov.br\/v1\/wp-content\/uploads\/2017\/10\/EDITAL-CORRENTES-RETIFICA\u00c7\u00c3O-07.pdf\">Edital de Retifica\u00e7\u00e3o N\u00ba 007<\/a><\/p>\n<p><a href=\"http:\/\/correntes.pe.gov.br\/v1\/wp-content\/uploads\/2017\/11\/GABARITO-PARCIAL-DA-PROVA-OBJETIVA-RETIFICADO-CORRENTES-PE.pdf\">Gabarito Parcial da Prova Objetiva<\/a><\/p>\n<p><a href=\"http:\/\/correntes.pe.gov.br\/v1\/wp-content\/uploads\/2017\/12\/EDITAL-DE-RETIFICA\u00c7\u00c3O-N\u00ba-008-2017-OS-ITENS-7.12.2-7.12.3-E-ANEXO-IV-ALTERA\u00c7\u00c3O-DO-CRONOGRAMA-1.pdf\">Edital de Retifica\u00e7\u00e3o N\u00ba 008-2017 &#8211; Os Itens 7.12.2, 7.12.3 e Anexo IV &#8211; Altera\u00e7\u00e3o do Cronograma<\/a><\/p>\n<p><a href=\"http:\/\/correntes.pe.gov.br\/v1\/wp-content\/uploads\/2018\/01\/JULGAMENTO-DE-RECURSOS-DO-GABARITO-CORRENTES-PE.pdf\">Julgamento de Recursos do Gabarito<\/a><\/p>\n<p><a href=\"http:\/\/correntes.pe.gov.br\/v1\/wp-content\/uploads\/2018\/01\/GABARITO-OFICIAL-RETIFICADO-AP\u00d3S-JULGAMENTO-DE-RECURSOS-CORRENTES-PE.pdf\">Gabarito Oficial Retificado Ap\u00f3s Julgamento de Recursos<\/a><\/p>\n<p><a href=\"http:\/\/correntes.pe.gov.br\/v1\/wp-content\/uploads\/2018\/01\/RESULTADO-PARCIAL-DA-PROVA-OBJETIVA-CORRENTES-PE.pdf\">Resultado Parcial da Prova Objetiva<\/a><\/p>\n<p><a href=\"http:\/\/correntes.pe.gov.br\/v1\/wp-content\/uploads\/2018\/01\/GABARITO-OFICIAL-RETIFICADO-AP\u00d3S-JULGAMENTO-DE-RECURSOS-DO-RESULTADO-DA-PROVA-OBJETIVA-CORRENTES-PE.pdf\">Gabarito Oficial Retificado ap\u00f3s Julgamento do Resultado da Prova Objetiva &#8211; Correntes-PE<\/a><\/p>\n<p><a href=\"http:\/\/correntes.pe.gov.br\/v1\/wp-content\/uploads\/2018\/01\/JULGAMENTO-DE-RECURSOS-DO-GABARITO-RETIFICADO-AP\u00d3S-JULGAMENTO-DE-RECURSOS-DO-RESULTADO-\u2013-CORRENTES-PE.pdf\">Julgamento de Recursos do Gabarito Retificado Ap\u00f3s Julgamento de Recursos do Resultado \u2013 Correntes-PE<\/a><\/p>\n<p><a href=\"http:\/\/correntes.pe.gov.br\/v1\/wp-content\/uploads\/2018\/01\/JULGAMENTO-DE-RECURSOS-DO-RESULTADO-PARCIAL-CORRENTES-PE.pdf\">Julgamento de Recursos do Resultado Parcial &#8211; Correntes-PE<\/a><\/p>\n<p><a href=\"http:\/\/correntes.pe.gov.br\/v1\/wp-content\/uploads\/2018\/01\/RESULTADO-FINAL-DA-PROVA-OBJETIVA-AP\u00d3S-JULGAMENTO-DE-RECURSOS-CORRENTES-PE.pdf\">Resultado Final da Prova Objetiva ap\u00f3s Julgamento de Recursos &#8211; Correntes-PE<\/a><\/p>\n<p><a href=\"http:\/\/correntes.pe.gov.br\/v1\/wp-content\/uploads\/2018\/01\/EDITAL-DE-CONVOCA\u00c7\u00c3O-PROVA-DE-T\u00cdTULOS-CORRENTES-PE.pdf\">Edital de Convoca\u00e7\u00e3o Prova de T\u00edtulos &#8211; Correntes-PE<\/a><\/p>\n<p><a href=\"http:\/\/correntes.pe.gov.br\/v1\/wp-content\/uploads\/2018\/01\/RESULTADO-DA-PROVA-DE-T\u00cdTULOS-CORRENTES-PE.pdf\">Resultado da Prova de T\u00edtulos &#8211; Correntes-PE<\/a><\/p>\n<p><a href=\"http:\/\/correntes.pe.gov.br\/v1\/wp-content\/uploads\/2018\/01\/JULGAMENTO-DE-RECURSOS-DO-RESULTADO-DA-PROVA-DE-T\u00cdTULO-CORRENTES-PE.pdf\">Julgamento de Recursos do Resultado da Prova de T\u00edtulos &#8211; Correntes-PE<\/a><\/p>\n<p><a href=\"http:\/\/correntes.pe.gov.br\/v1\/wp-content\/uploads\/2018\/01\/RESULTADO-DA-PROVA-DE-T\u00cdTULOS-AP\u00d3S-JULGAMENTO-DE-RECURSOS-CORRENTES-PE.pdf\">Resultado da Prova de T\u00edtulos ap\u00f3s Julgamento de Recursos &#8211; Correntes-PE<\/a><\/p>\n<p><a href=\"http:\/\/correntes.pe.gov.br\/v1\/wp-content\/uploads\/2018\/02\/Decreto-de-Homologacao.pdf\">Decreto de Homologa\u00e7\u00e3o<\/a><\/p>\n<p><a href=\"http:\/\/correntes.pe.gov.br\/v1\/wp-content\/uploads\/2018\/02\/EDITAL-DE-CONVOCA\u00c7\u00c3O-DO-CONCURSO-P\u00daBLICO.pdf\">Edital de Convoca\u00e7\u00e3o 001\/2018 do Concurso P\u00fablico<\/a><\/p>\n<p><a href=\"http:\/\/correntes.pe.gov.br\/v1\/wp-content\/uploads\/2018\/03\/EDITAL-DE-COMUNICA\u00c7\u00c3O-001-2018-POSSE-DO-CONCURSO-P\u00daBLICO.pdf\">Edital de Comunica\u00e7\u00e3o 001\/2018 Posse do Concurso P\u00fablico<\/a><\/p>\n<p><a href=\"http:\/\/correntes.pe.gov.br\/v1\/wp-content\/uploads\/2018\/03\/EDITAL-DE-COMUNICA\u00c7\u00c3O-002-2018-CONCURSO-P\u00daBLICO.pdf\">Edital de Comunica\u00e7\u00e3o 002\/2018 Concurso P\u00fablico<\/a><\/p>\n<p><a href=\"http:\/\/correntes.pe.gov.br\/v1\/wp-content\/uploads\/2018\/04\/EDITAL_DE_CONVOCACAO_002_2018_DO-CONCURSO_PUBLICO.pdf\">Edital de Convoca\u00e7\u00e3o 002\/2018 do Concurso P\u00fablico<\/a><\/p>\n<p><a href=\"http:\/\/correntes.pe.gov.br\/v1\/wp-content\/uploads\/2018\/07\/EDITAL_DE_COMUNICACAO_003-2018.pdf\">Edital de Comunica\u00e7\u00e3o 003\/2018 do Concurso P\u00fablico<\/a><\/p>\n<p><a href=\"http:\/\/correntes.pe.gov.br\/v1\/wp-content\/uploads\/2019\/01\/edital_de_convocacao_001_2019.doc\">Edital de Convoca\u00e7\u00e3o 001\/2019 do Concurso P\u00fablico<\/a><\/p>\n<p><a href=\"http:\/\/correntes.pe.gov.br\/v1\/wp-content\/uploads\/2019\/04\/EDITAL-DE-CONVOCA\u00c7\u00c3O-002-2019-DO-CONCURSO-P\u00daBLICO.doc\">Edital de Convoca\u00e7\u00e3o 002\/2019 do Concurso P\u00fablico<\/a><\/p>\n<p><a href=\"http:\/\/correntes.pe.gov.br\/v1\/wp-content\/uploads\/2019\/05\/EDITAL-DE-COMUNICA\u00c7\u00c3O-001-2019-CONCURSO-P\u00daBLICO.doc\">Edital de Comunica\u00e7\u00e3o 001\/2019 do Concurso P\u00fablico<\/a><\/p>\n<p><a href=\"http:\/\/correntes.pe.gov.br\/v1\/wp-content\/uploads\/2019\/05\/EDITAL-DE-CONVOCA\u00c7\u00c3O-003-2019-DO-CONCURSO-P\u00daBLICO.doc\">Edital de Convoca\u00e7\u00e3o 003\/2019 do Concurso P\u00fablico<\/a><\/p>\n<p><a href=\"http:\/\/correntes.pe.gov.br\/v1\/wp-content\/uploads\/2019\/08\/EDITAL-DE-COMUNICA\u00c7\u00c3O-002-2019-CONCURSO-P\u00daBLICO.pdf\">Edital de Comunica\u00e7\u00e3o 002\/2019 do Concurso P\u00fablico<\/a><\/p>\n<p><a href=\"http:\/\/correntes.pe.gov.br\/v1\/wp-content\/uploads\/2020\/01\/img099.jpg\">Portaria 037\/2020 Prorroga\u00e7\u00e3o da validade do Concurso P\u00fablico<\/a><\/p>\n<p><a href=\"http:\/\/correntes.pe.gov.br\/v1\/wp-content\/uploads\/2020\/06\/EDITAL-DE-COMUNICA\u00c7\u00c3O-N\u00ba-001-2020.pdf\">Edital de Comunica\u00e7\u00e3o n\u00ba 001\/2020 do Concurso P\u00fablico n\u00ba 001\/2017\u00a0\u00a0<\/a><\/p>\n<p><a href=\"http:\/\/correntes.pe.gov.br\/v1\/wp-content\/uploads\/2021\/12\/06-EDITAL-AUXILIAR-ADMINISTRATIVO.pdf\">Edital de Convoca\u00e7\u00e3o 006\/2021 Concurso 001\/2017\u00a0<\/a><\/p>\n<p><a href=\"http:\/\/correntes.pe.gov.br\/v1\/wp-content\/uploads\/2021\/12\/07EDITAL-MEDICO-AMBULATORIAL.pdf\">Edital de Convoca\u00e7\u00e3o 007\/2021 Concurso 001\/2017\u00a0\u00a0\u00a0\u00a0\u00a0<\/a><\/p>\n<p><a href=\"http:\/\/correntes.pe.gov.br\/v1\/wp-content\/uploads\/2021\/12\/08-EDITAL-GUARDA-MUNICIPAL.pdf\">Edital de Convoca\u00e7\u00e3o 008\/2021 Concurso 001\/2017\u00a0<\/a><\/p>\n<p><a href=\"http:\/\/correntes.pe.gov.br\/v1\/wp-content\/uploads\/2021\/12\/EITAL-009.pdf\">Edital de Convoca\u00e7\u00e3o 009\/2021 Concurso 001\/2017\u00a0\u00a0\u00a0<\/a><\/p>\n<p><a href=\"http:\/\/correntes.pe.gov.br\/v1\/wp-content\/uploads\/2021\/12\/10-EDITAL-ENFERMEIRO.pdf\">Edital de Convoca\u00e7\u00e3o 010\/2021 Concurso 001\/2017\u00a0\u00a0<\/a><\/p>\n<p><a href=\"http:\/\/correntes.pe.gov.br\/v1\/wp-content\/uploads\/2021\/12\/11-EDITAL-ASSISTENTE-SOCIAL.pdf\">Edital de Convoca\u00e7\u00e3o 011\/2021 Concurso 001\/2017\u00a0\u00a0<\/a><\/p>\n<p><a href=\"http:\/\/correntes.pe.gov.br\/v1\/wp-content\/uploads\/2021\/12\/12-EDITAL-AUXILIAR-DE-ENFERMEGAM.pdf\">Edital de Convoca\u00e7\u00e3o 012\/2021 Concurso 001\/2017<\/a><\/p>\n<p><a href=\"http:\/\/correntes.pe.gov.br\/v1\/wp-content\/uploads\/2021\/12\/13-EDITAL-AUXILIAR-DE-SERVI\u00c7OS-EDUCACIONAIS.pdf\">Edital de Convoca\u00e7\u00e3o 013\/2021 Concurso 001\/2017\u00a0\u00a0<\/a><\/p>\n<p><a href=\"http:\/\/correntes.pe.gov.br\/v1\/wp-content\/uploads\/2021\/12\/14-EDITAL-NUTRICIONISTA.pdf\">Edital de Convoca\u00e7\u00e3o 014\/2021 Concurso 001\/2017\u00a0<\/a><\/p>\n<p><a href=\"http:\/\/correntes.pe.gov.br\/v1\/wp-content\/uploads\/2021\/12\/15-EDITAL-ODONTOLOGO.pdf\">Edital de Convoca\u00e7\u00e3o 015\/2021 Concurso 001\/2017\u00a0\u00a0<\/a><\/p>\n<p><a href=\"http:\/\/correntes.pe.gov.br\/v1\/wp-content\/uploads\/2021\/12\/16-EDITAL-PSICOLOGO.pdf\">Edital de Convoca\u00e7\u00e3o 016\/2021 Concurso 001\/2017<\/a><\/p>\n<p><a href=\"http:\/\/correntes.pe.gov.br\/v1\/wp-content\/uploads\/2021\/12\/EDITAL-DE-CONVOCA\u00c7\u00c3O.pdf\">Edital de Convoca\u00e7\u00e3o 017\/2021 Concurso 001\/2017\u00a0\u00a0\u00a0\u00a0<\/a><\/p>\n<p><a href=\"http:\/\/correntes.pe.gov.br\/v1\/wp-content\/uploads\/2021\/12\/18-EDITAL-VIGIA-ESCOLAR.pdf\">Edital de Convoca\u00e7\u00e3o 018\/2021 Concurso 001\/2017<\/a><\/p>\n<p><a href=\"http:\/\/correntes.pe.gov.br\/v1\/wp-content\/uploads\/2022\/01\/Edital-de-Convoca\u00e7\u00e3o-n\u00ba-19-2021.pdf\">Edital de Convoca\u00e7\u00e3o n\u00ba 19-2021<\/a><\/p>\n<p><a href=\"http:\/\/correntes.pe.gov.br\/v1\/wp-content\/uploads\/2022\/01\/Edital-de-Convoca\u00e7\u00e3o-n\u00ba-20-2021.pdf\">Edital de Convoca\u00e7\u00e3o n\u00ba 20-2021<\/a><\/p>\n<p><a href=\"http:\/\/correntes.pe.gov.br\/v1\/wp-content\/uploads\/2022\/01\/Edital-de-Comunica\u00e7\u00e3o-n\u00ba-01-2022.pdf\">Edital de Comunica\u00e7\u00e3o n\u00ba 01-2022<\/a><\/p>\n<p><a href=\"http:\/\/correntes.pe.gov.br\/v1\/wp-content\/uploads\/2022\/01\/Edital-de-Comunica\u00e7\u00e3o-n\u00ba-02-2022.pdf\">Edital de Comunica\u00e7\u00e3o n\u00ba 02-2022\u00a0\u00a0\u00a0\u00a0\u00a0\u00a0\u00a0\u00a0\u00a0\u00a0\u00a0\u00a0\u00a0\u00a0\u00a0<\/a><\/p>\n<p><a href=\"http:\/\/correntes.pe.gov.br\/v1\/wp-content\/uploads\/2022\/04\/EDITAL-DE-COMUNICA\u00c7\u00c3O-003-2022.pdf\">Edital de Comunica\u00e7\u00e3o n\u00ba 003-2022\u00a0\u00a0\u00a0\u00a0\u00a0\u00a0\u00a0\u00a0\u00a0\u00a0\u00a0\u00a0\u00a0\u00a0<\/a><\/p>\n<p><a href=\"http:\/\/correntes.pe.gov.br\/v1\/edital_de_convocacao_n021-2022-2\/\">Edital de Convoca\u00e7\u00e3o 021\/2022 Concurso P\u00fablico 001\/2017<\/a><\/p>\n","protected":false},"excerpt":{"rendered":"<p>O Munic\u00edpio de Correntes, Estado de Pernambuco, torna p\u00fablico a abertura de inscri\u00e7\u00f5es e estabelece normas para a realiza\u00e7\u00e3o de concurso p\u00fablico para provimento de vagas no quadro permanente, observadas as disposi\u00e7\u00f5es <a class=\"leiamais\" href=\"http:\/\/correntes.pe.gov.br\/v1\/concurso\/\">LER MAIS &nbsp; <span class=\"glyphicon glyphicon-share-alt\"><\/span><br \/>\n<\/a><\/p>\n","protected":false},"author":3,"featured_media":0,"parent":0,"menu_order":0,"comment_status":"closed","ping_status":"closed","template":"","meta":[],"_links":{"self":[{"href":"http:\/\/correntes.pe.gov.br\/v1\/wp-json\/wp\/v2\/pages\/215"}],"collection":[{"href":"http:\/\/correntes.pe.gov.br\/v1\/wp-json\/wp\/v2\/pages"}],"about":[{"href":"http:\/\/correntes.pe.gov.br\/v1\/wp-json\/wp\/v2\/types\/page"}],"author":[{"embeddable":true,"href":"http:\/\/correntes.pe.gov.br\/v1\/wp-json\/wp\/v2\/users\/3"}],"replies":[{"embeddable":true,"href":"http:\/\/correntes.pe.gov.br\/v1\/wp-json\/wp\/v2\/comments?post=215"}],"version-history":[{"count":48,"href":"http:\/\/correntes.pe.gov.br\/v1\/wp-json\/wp\/v2\/pages\/215\/revisions"}],"predecessor-version":[{"id":10571,"href":"http:\/\/correntes.pe.gov.br\/v1\/wp-json\/wp\/v2\/pages\/215\/revisions\/10571"}],"wp:attachment":[{"href":"http:\/\/correntes.pe.gov.br\/v1\/wp-json\/wp\/v2\/media?parent=215"}],"curies":[{"name":"wp","href":"https:\/\/api.w.org\/{rel}","templated":true}]}}